n base 3, what is -11022112 + -210100?
-12002212
In base 13, what is c642b - -2?
c6430
In base 3, what is 10100011210 - -2?
10100011212
In base 7, what is -2303112 - 2?
-2303114
In base 15, what is 0 - -12a2b?
12a2b
In base 15, what is 94d1 + -5?
94cb
In base 3, what is 22112 + -100220?
-1101
In base 14, what is 5 + 24d5d2?
24d5d7
In base 11, what is -186 - 18a?
-365
In base 11, what is -4 - 8580a?
-85813
In base 10, what is 1932 + 200?
2132
In base 14, what is -456 - 66?
-4bc
In base 11, what is 401 + -60?
351
In base 4, what is -2003 - -2031?
22
In base 12, what is 5 + -29545?
-29540
In base 6, what is -45 - 445342?
-445431
In base 16, what is -b3c + -e3?
-c1f
In base 12, what is 5 + 2742?
2747
In base 6, what is 4 + -254151?
-254143
In base 12, what is 16 - 1465b?
-14645
In base 15, what is -2aaa - 0?
-2aaa
In base 9, what is -10344311 - -4?
-10344306
In base 15, what is -d5 - 8d?
-173
In base 13, what is -2 - -15809?
15807
In base 5, what is -2111111 + 234?
-2110322
In base 4, what is -1003301 + 33032?
-310203
In base 16, what is 953b + -11?
952a
In base 7, what is -3 + 60553?
60550
In base 12, what is -63 + 1142?
109b
In base 15, what is -3d6 + -17?
-3ed
In base 12, what is 186788 + 1?
186789
In base 10, what is 472 - 861?
-389
In base 2, what is -110001111011 + -1001000?
-110011000011
In base 4, what is -3222 + -23221?
-33103
In base 15, what is b5ce - 1?
b5cd
In base 14, what is -3 + 44946?
44943
In base 15, what is -665 - 40?
-6a5
In base 6, what is -2151 + 52?
-2055
In base 6, what is -113 - -52?
-21
In base 9, what is -4 - -25163?
25158
In base 2, what is 10001010 - 1111011110?
-1101010100
In base 6, what is -333 - -2501?
2124
In base 14, what is b2 - -3a8?
47a
In base 10, what is -37 + 3202?
3165
In base 13, what is -a97a0 + -5?
-a97a5
In base 3, what is -2 - -212012?
212010
In base 5, what is -131143 - -110?
-131033
In base 9, what is 52847 - 1?
52846
In base 5, what is -100311020 + 23?
-100310442
In base 7, what is -3 - 103600?
-103603
In base 13, what is -1cc + 2c?
-1a0
In base 13, what is -35c - -516?
187
In base 14, what is 3029c + 7?
302a5
In base 7, what is 10 - -346563?
346603
In base 8, what is 52 + 2611?
2663
In base 10, what is 31414 - 0?
31414
In base 15, what is -10 - -24a0?
2490
In base 8, what is 40524 + -22?
40502
In base 2, what is 11 - 100111011010?
-100111010111
In base 2, what is 1101000111100111 + 101001?
1101001000010000
In base 8, what is 44 + 3663?
3727
In base 11, what is 43537 + 3?
4353a
In base 12, what is -8a - 38a?
-458
In base 6, what is 2 - -140112?
140114
In base 11, what is -734 - -3?
-731
In base 15, what is -3050b + 4?
-30507
In base 13, what is 62 + -1a492?
-1a430
In base 11, what is -45 - 22621?
-22666
In base 14, what is -5 - b733?
-b738
In base 16, what is 1c0 - -1c?
1dc
In base 12, what is 48a8 - -1?
48a9
In base 13, what is -4549 + 12?
-4537
In base 6, what is 2401 + -2531?
-130
In base 7, what is 1212 + 42?
1254
In base 10, what is -12697 + -13?
-12710
In base 3, what is 1120200 - 100?
1120100
In base 15, what is -bd3 - 91?
-c74
In base 6, what is 3 + 335?
342
In base 7, what is -12 + 21641?
21626
In base 12, what is -53a1 - -45?
-5358
In base 15, what is -3 + -43a2?
-43a5
In base 5, what is 1 + 33113010?
33113011
In base 12, what is -584 + -19?
-5a1
In base 3, what is -10 + -1200200210010?
-1200200210020
In base 2, what is 1111 + -1000?
111
In base 12, what is 314 - -21?
335
In base 8, what is -1155132 - 5?
-1155137
In base 11, what is 88868 - 3?
88865
In base 6, what is -2 - -32350302?
32350300
In base 14, what is 25 + 274a?
2771
In base 14, what is 8 + 10a80?
10a88
In base 15, what is -2 - a424?
-a426
In base 12, what is -b989 + -38?
-ba05
In base 11, what is 4 - -22735?
22739
In base 10, what is 14 + 7968?
7982
In base 10, what is -8558 + 45?
-8513
In base 11, what is 53 - -1555?
15a8
In base 16, what is 24a98 + 4?
24a9c
In base 10, what is 3 + 1156361?
1156364
In base 6, what is 1 + -103350?
-103345
In base 2, what is 1011101001110110110 + -100?
1011101001110110010
In base 7, what is -4 - 132311?
-132315
In base 5, what is 11 - -1113020?
1113031
In base 5, what is 0 - 104140?
-104140
In base 11, what is -2780 - 97?
-2867
In base 3, what is 2 - 2000022000?
-2000021221
In base 11, what is 1127 + 116?
1242
In base 7, what is -3134 + -24?
-3161
In base 6, what is 3 - -33100?
33103
In base 12, what is 4bb52 + -5?
4bb49
In base 6, what is 0 - -513103?
513103
In base 12, what is -6 + -19b77?
-19b81
In base 5, what is 1134141 - 1?
1134140
In base 15, what is -258c0 + -5?
-258c5
In base 11, what is 1 - -605859?
60585a
In base 12, what is -1 - 16426?
-16427
In base 10, what is 40778 - -3?
40781
In base 5, what is -2421320 + 142?
-2421123
In base 4, what is 10213303 + 102?
10220011
In base 10, what is 22923 + 51?
22974
In base 16, what is 16 + -112?
-fc
In base 12, what is 2 - -202040?
202042
In base 4, what is 23 - 300323031?
-300323002
In base 16, what is 200ac - -4?
200b0
In base 2, what is 1001101000011 + -10100?
1001100101111
In base 10, what is -37 - 715?
-752
In base 7, what is 162435 + 0?
162435
In base 9, what is 426156 + -3?
426153
In base 6, what is -302 + 4152?
3450
In base 8, what is 3 + 4706731?
4706734
In base 5, what is 3 - 2302223?
-2302220
In base 8, what is -4 - -154144?
154140
In base 4, what is 32 + 2013330?
2020022
In base 11, what is -9a43 - a?
-9a52
In base 2, what is -11010000111011 - -1?
-11010000111010
In base 13, what is -3486 - -8?
-347b
In base 12, what is -3 + -51887?
-5188a
In base 15, what is -3 - -4669?
4666
In base 9, what is 36643 - 106?
36536
In base 13, what is -bc240 - 3?
-bc243
In base 5, what is -141031 + 0?
-141031
In base 6, what is 155502 + 2?
155504
In base 15, what is 13c0 - 33?
138c
In base 10, what is 4 - -21891?
21895
In base 7, what is -1 + 14340?
14336
In base 9, what is 12 - -17221?
17233
In base 16, what is -2419 - 0?
-2419
In base 16, what is -cd + -d5b?
-e28
In base 11, what is 3 + -a5901?
-a58a9
In base 3, what is 1 + 222212010?
222212011
In base 4, what is -301103 - -1?
-301102
In base 8, what is -5 - -46077?
46072
In base 8, what is -20102 - 75?
-20177
In base 11, what is a635 + -71?
a574
In base 8, what is 1703722 + -1?
1703721
In base 15, what is c77ca - 3?
c77c7
In base 6, what is 3 + -10202024?
-10202021
In base 8, what is -3041 - -1157?
-1662
In base 11, what is 0 + -26?
-26
In base 9, what is 20870 + 5?
20875
In base 16, what is -1 + -6aab?
-6aac
In base 13, what is -5 + -518?
-520
In base 13, what is -7 - -bb9?
bb2
In base 7, what is -3 + -52331?
-52334
In base 12, what is 284 - 6?
27a
In base 13, what is -1 + -4b6a3?
-4b6a4
In base 11, what is 261 + -7a?
192
In base 8, what is -5634 - 12?
-5646
In base 10, what is 3 - 1205470?
-1205467
In base 5, what is -1403332 + 4?
-1403323
In base 16, what is -e20d4 - 0?
-e20d4
In base 5, what is -11 + 12410143?
12410132
In base 9, what is -1 - 751318?
-751320
In base 8, what is -3156 + -275?
-3453
In base 7, what is -20015 - 13?
-20031
In base 5, what is -33240 - -1104?
-32131
In base 7, what is 1206 - 5?
1201
In base 11, what is -3a - -9502?
9473
In base 13, what is -4 - -14514?
14510
In base 4, what is -1300231 - -201?
-1300030
In base 7, what is 13415202 - 1?
13415201
In base 10, what is -9 - 352966?
-352975
In base 10, what is -3 + -21054?
-21057
In base 3, what is 1112022102 - 21?
1112022011
In base 10, what is 18822 + 9?
18831
In base 9, what is -21721 - -3?
-21717
In base 16, what is 304 + 114?
418
In base 15, what is a45 - -8?
a4d
In base 6, what is 12222 + -134?
12044
In base 11, what is -1 - -237678?
237677
In base 7, what is -505 - -10354?
6546
In base 11, what is -a - -a67?
a58
In base 7, what is -36361 - -4?
-36354
In base 13, what is 19406c + -1?
19406b
In base 4, what is -3 - 10030001010?
-10030001013
In base 12, what is -11a - 21557?
-21675
In base 3, what is -12 + -1022200221?
-1022201010
In base 11, what is 2 + -303931?
-30392a
In base 6, what is -42033 + -211?
-42244
In base 6, what is -2315450 - -3?
-2315443
In base 6, what is 0 - -24201541?
24201541
In base 5, what is 2223 + -3340?
-1112
In base 16, what is -229 - -f?
-21a
In base 7, what is -3546 + -11?
-3560
In base 9, what is 5650 - -27?
5677
In base 10, what is 10 + -119941?
-119931
In base 13, what is -a6803 - -3?